or of 133 and q?
19
Let t = 1508 - 704. What is the greatest common divisor of 12 and t?
12
Let y = 33 - 28. Suppose 0 = -u - 1, 207 = y*n - 4*u + 33. What is the highest common factor of n and 306?
34
Let y = 198 - 176. Calculate the highest common factor of y and 66.
22
Let i = -5 + 13. Let h be (-4 + 5)/((-3)/(-9)). Suppose -5*l = -c - h*c - 2, -2*c = -5*l + 6. Calculate the highest common divisor of i and c.
2
Let b = -211 - -213. Let p(k) = k + 5*k - 4 + 2. Let l be p(4). Calculate the greatest common factor of l and b.
2
Let r(n) = -12*n + 53. Let x be r(4). Let k(q) = -2*q**3 + q**2. Let p be k(1). Let o be ((-3)/p + -2)*25. What is the highest common divisor of o and x?
5
Suppose 12*w + 4340 = 32*w. What is the highest common factor of w and 28?
7
Let y be (-161)/(-2) + 3/(-6). Let a(q) = q**2 + 23*q + 136. Let t be a(-8). What is the highest common divisor of t and y?
16
Let s(r) = -10*r**3 - 15*r**2 - 17*r - 15. Let u be s(-5). Calculate the highest common divisor of 27 and u.
27
Let v(r) = 3*r**2 - 48*r - 72. Let t be v(21). Calculate the greatest common divisor of t and 108.
27
Suppose 5*j = 2*y - 21, -2*j - 5 = j - 5*y. Let u = 45 + j. Suppose -5*o + 20 = 4*k, k - 5*o = -4*k + 25. What is the greatest common factor of k and u?
5
Let j(h) = 94*h - 11. Let n be j(5). Calculate the highest common divisor of n and 27.
27
Let p(g) = -89*g**3 + 2*g**2 - g - 2. Let b be p(-1). What is the greatest common factor of b and 10?
10
Let u = 7617 - 4920. Calculate the highest common factor of u and 87.
87
Suppose -37*h = -32*h + 10, h = 5*p - 472. Calculate the greatest common divisor of 1457 and p.
47
Let k be -2 - (2/2 - 1). Let t be ((-5)/(-2))/(k/(-28)). Let s(j) = -j**3 - j**2 - 4. Let h be s(-3). What is the greatest common divisor of h and t?
7
Let f = 4 - 4. Suppose 3*p = -f*r - 4*r + 236, 0 = -r + p + 52. What is the highest common factor of r and 14?
14
Let i(r) = r**3 - 12*r**2 + 12*r + 14. Let y = 6 - -5. Let l be i(y). Calculate the greatest common factor of l and 200.
25
Suppose -2*g - 73 = -7*g - 2*v, -3*g - 4*v = -55. What is the greatest common divisor of g and 377?
13
Let j = 80 - 84. Let w be 10/(j - -1*6). Let u = -18 + 33. What is the highest common divisor of u and w?
5
Let i(v) = -114*v + 5. Let y(o) = -2*o**2 + 1. Let p be y(-1). Let m be i(p). What is the greatest common divisor of 7 and m?
7
Let i(l) = -12*l - 2. Let w be i(2). Let c = 35 + w. Calculate the greatest common divisor of 72 and c.
9
Let b(v) = 2*v**2 - 7*v - 83. Let w be b(-7). Calculate the greatest common factor of w and 48.
16
Let y(s) = s**2 + s + 9. Let i be y(-4). Calculate the highest common divisor of 9 and i.
3
Let b = -489 + 606. What is the highest common factor of 143 and b?
13
Let q = -1027 - -181. Let x be q/(-30) - 4/(-5). Calculate the greatest common divisor of x and 319.
29
Suppose 4*g + 72 = 9588. What is the highest common divisor of g and 26?
13
Let d(w) = -3*w + 2 + 10*w + 8*w + 0*w. Let k be d(5). Let u(c) = 2*c**2 + 18*c - 37. Let i be u(-11). Calculate the highest common factor of k and i.
7
Let u(m) = 42*m - 51. Let d be u(7). What is the highest common divisor of d and 27?
27
Let f(r) = r**3 - 11*r**2 - 2*r + 27. Suppose 12 = -5*b + 2, 5*y + 5*b = 45. Let c be f(y). What is the highest common factor of c and 10?
5
Let m be (-1)/(-3 - 896/(-300)). Let l be (-1 - 4)*(-135)/m*3. Calculate the highest common factor of l and 135.
27
Let b = 651 + -595. Calculate the highest common factor of b and 434.
14
Let r(s) = s**2 + 2*s + 18. Let f be r(-3). What is the greatest common factor of 84 and f?
21
Let n(i) = -9*i + 58. Let w be n(-20). Calculate the highest common factor of 28 and w.
14
Let p be (-1 + 1)*1/2. Let h = -8 - p. Let d be 17 + h - 1*-3. What is the greatest common factor of d and 12?
12
Suppose -15*t + 11*t = -224. Calculate the greatest common factor of 84 and t.
28
Suppose -5*i - 5 = 0, -i = -2*x - 0*x + 73. Let z = 28 - 38. Let l = 34 + z. What is the greatest common divisor of l and x?
12
Let v(d) = 10*d + 6. Let b be 142/9 - 2/(-9). Let g be (6/4)/(6/b). Let s be v(g). Calculate the greatest common divisor of s and 115.
23
Let i = 31 + 4. Let b = i - 11. Calculate the greatest common factor of b and 36.
12
Suppose 44*d - 47*d - 375 = 0. Let v = d - -176. What is the highest common factor of 17 and v?
17
Let n be 2/(-11) - (-3264)/44. Suppose 20 = -3*p + n. Calculate the greatest common factor of 54 and p.
18
Let f(g) = 230*g**2 + g + 2. Let b be 2/(-5) - 42/(-5). Let z = -9 + b. Let q be f(z). What is the highest common divisor of q and 33?
33
Let z(l) = -9*l + 278. Let f be z(16). Calculate the highest common divisor of f and 2.
2
Let c = -50 + 74. Let x be (15 - 2)/(3/c). Suppose -7 = -3*s + 32. What is the highest common factor of s and x?
13
Let c(j) = j**3 - 6*j**2 - 7*j + 5. Let m be c(7). Suppose 32 = 3*p + 5. Let y be (2 + (-138)/p)*-3. Calculate the highest common factor of y and m.
5
Suppose 15*j - 5 = 55. Suppose j*x - 5*n + 9*n = 8, -2*n = -5*x + 38. Calculate the greatest common factor of 54 and x.
6
Suppose 0 = 2*d + 13 - 27. Let i be 255/35 + (-2)/7. Calculate the greatest common factor of d and i.
7
Suppose -42 = 5*z + 2*z. Let n be (-140)/(-7) + 2 + z. Calculate the greatest common factor of n and 48.
16
Suppose -4*h - x = 139, 4*h - 6*x = -4*x - 154. Let c = h - -76. Calculate the highest common factor of c and 8.
8
Let s(h) = 64*h - 389. Let u be s(6). Let m(d) = 5*d - 1. Let n be m(-1). Let r be (n/u)/((-3)/(-280)). Calculate the greatest common factor of r and 16.
16
Let h(s) = 2*s - 2. Let r be h(5). Suppose -g = 2*w - 70, 25 = w + 5*g - 19. Suppose -14 = -6*u + w. What is the greatest common divisor of r and u?
8
Suppose 0 = -a + z + 51, 0*z + z = -4*a + 199. What is the greatest common factor of a and 450?
50
Let y(x) = -3*x + 2. Let o be y(9). Let u = o - -34. Calculate the highest common divisor of u and 3.
3
Let j be (-1)/(-2) - (-46)/4. Let b be ((-6)/(-5))/((-15)/(-75)). What is the highest common divisor of j and b?
6
Suppose o + 2*s = 96, 2*s + 283 - 19 = 3*o. Calculate the greatest common divisor of 70 and o.
10
Suppose -1656 = -u - 3*u. Suppose -14*o + 146 = -u. Calculate the greatest common factor of 24 and o.
8
Suppose -16 = -7*k - k. Let c be 5*(3/(-5) + 0) + 19. Calculate the greatest common factor of k and c.
2
Let a = 890 + -842. What is the highest common factor of a and 60?
12
Let p(w) = -w**2 + 9*w + 13. Let m be p(10). What is the greatest common divisor of m and 159?
3
Suppose 0 = -3*p + 4*p - 14. Let a(q) = -14*q**2 + 6*q - 4. Let t be a(3). Let n be t*(3/15)/((-4)/10). What is the greatest common factor of p and n?
14
Suppose 6 - 14 = -u. Let h = 4 - u. Let c be (10/h)/(3/(-24)). What is the greatest common divisor of c and 8?
4
Let a = 199 - 85. Let w(l) = -6*l**3 - l**2 - 18*l - 17. Let r be w(-1). Calculate the greatest common divisor of r and a.
6
Suppose 100 = -4*f - 2*t, t = 5*f - 0*t + 132. Let j = f - -43. Calculate the greatest common divisor of 187 and j.
17
Suppose -o - 250 = -6*o. Let u(w) = 2*w**2 - 22*w + 66. Let m be u(4). What is the highest common factor of o and m?
10
Let s be -1 - 62/93*549/(-2). What is the highest common divisor of 26 and s?
26
Let v = 1653 - 1290. What is the highest common factor of 11 and v?
11
Suppose -867*i - 319 = -2*p - 864*i, 0 = -5*p + 2*i + 781. What is the highest common factor of 496 and p?
31
Let v be 6/(6/(-1)) - -3. Suppose -52 = -2*b - 3*y, 2*b = -3*y - v*y + 44. What is the highest common factor of b and 4?
4
Suppose 2*d - 108 = -0*d + 9*i, i = 0. What is the highest common divisor of d and 27?
27
Suppose -a + 8 - 4 = 0. Suppose -2*u + 106 = 4*j, a*j - 2*u - 48 = 38. Suppose -1968 = 30*l - 71*l. Calculate the highest common factor of l and j.
24
Let b be -8*-1*(-1)/(-1). Let l be (4/(-2))/((-4)/b). Suppose -l*u + 32 = z - 13, -2*u = 4*z - 40. Calculate the greatest common divisor of u and 5.
5
Let w(f) = -31*f + 64. Let x be w(-4). Calculate the highest common divisor of x and 329.
47
Let z be ((-198)/27)/((-2)/(-3)). Let w be z/22*(0 + 0). Suppose w = -u + q + 15, -2*q = 4*u - 4*q - 58. What is the greatest common factor of 126 and u?
14
Let a(d) = 2*d**2 - d + 4. Let n be a(6). Calculate the highest common divis